 i be k(b). Let f = 234 - i. Is f a composite number?
True
Suppose 4*u = 5*a - 27430, 2*u - 10944 = -2*a - 2*u. Is a prime?
False
Let s(w) = 260*w**2 - 3*w + 1. Let p be s(-3). Is (-2 + 3 + 2)/(30/p) a composite number?
True
Let h = 9 - 4. Suppose -h*d - 662 = -7*d. Is d a composite number?
False
Suppose -4*p - 4 = q + 8, -5*q = 4*p - 4. Suppose 0 = q*u - 1914 - 2. Is u a composite number?
False
Let v(f) = f**3 - 9*f**2 + 2. Let u be v(9). Suppose u*g - 2 - 2 = 0. Suppose 0 = 5*o - 5*r - 2085, -g*o + o = r - 409. Is o a composite number?
True
Suppose 5*p + p - 42 = 0. Let z = 13 - 7. Suppose -z*t = -p*t + 69. Is t composite?
True
Suppose -2*u - 10 = 0, 5*t - 61 = 3*u - 26. Let i be 4/4*(4 - t). Suppose i = 3*v - 8*v + 55. Is v prime?
True
Suppose 2*o + 0*w - 2*w = 36, -o = -4*w - 33. Is 497/1*(o + -12) a composite number?
True
Let u(m) = -4126*m**3 - 3*m**2 + 3*m + 17. Let p(v) = -1375*v**3 - v**2 + v + 6. Let l(z) = 17*p(z) - 6*u(z). Is l(1) a composite number?
False
Let d(t) = 182*t - 1. Let k be d(1). Let u = -51 - k. Let c = -93 - u. Is c a composite number?
False
Let c be 1 - (-370 + -2 + -2). Suppose 3*r = 14*r + 308. Let o = c + r. Is o a prime number?
True
Suppose 5*d = d + 4, 3*d = 2*s - 209. Let b = s - 17. Is b a composite number?
False
Let n(v) = 171*v**3 - 6*v - 2. Is n(3) composite?
False
Let c = 2330 - 1393. Is c prime?
True
Suppose -14861 = 23*m - 34*m. Is m a composite number?
True
Let o = 10 - 8. Suppose 4*r = -5*q + 618, -r + o*q + 197 - 36 = 0. Is r a composite number?
False
Suppose -3*z - m + 30580 = 0, -3*z - 14*m + 15*m + 30590 = 0. Is z a prime number?
False
Suppose -k = -2*u - 1377, 5*k + u + 0*u - 6852 = 0. Is k prime?
False
Is (0 + -2)*(-214078)/116 prime?
True
Let y(m) = -m - 2. Let f be y(4). Is (-7075)/(-45) - f/(-27) a composite number?
False
Let c(o) = -o**2 - 9*o + 5. Let p be c(-9). Suppose 5*y - 903 = p*u + 1312, -5 = u. Suppose 3*w - 3*i - y = 0, 3*w + 3*i + 0*i = 456. Is w a prime number?
True
Is (0 - 2)/(7/(1220051/(-14))) prime?
False
Suppose -4*z = -4*o + 45132 - 13192, o - 7969 = 5*z. Is o composite?
True
Let j(x) = -x**3 - 7*x**2 - x - 6. Let l be j(-7). Suppose -g = -l + 5, -5*v + g = -9. Is (v*-2)/((-2)/59) prime?
True
Let l(a) = 2*a - 4. Let d be l(3). Let j(o) = -d*o**2 + 209*o**3 + 746*o**3 - o + 3*o. Is j(1) prime?
False
Suppose 11*r - 7 = 12*r. Let w be r*((-6)/(-3) + -1). Let k(x) = 3*x**2 - 6*x + 2. Is k(w) composite?
False
Let z(b) = b**3 + 6*b**2 - 8*b - 7. Let t be z(-7). Suppose 4*n = -16 - t. Is 2154/18 - n/(-6) a composite number?
True
Let y be (-4)/(15/(-3) - -3). Suppose -4*i - y = -362. Suppose 0 = -4*g + i + 122. Is g prime?
True
Let t be 1/(-3 - (-9294)/3099). Let z = t + 4466. Is z prime?
True
Suppose -663 = y + 5*m - 4057, 2*y + 5*m - 6783 = 0. Is y a composite number?
False
Let w(m) = -m**2 + m - 10. Suppose 4*s = 6*s. Let d be w(s). Let t(b) = -8*b + 9. Is t(d) composite?
False
Let d(n) = -369*n - 17. Let r be d(-7). Is r/3*(-6)/(-4) composite?
False
Suppose 4*f + 4 = c, -2*c + 5*c = -5*f - 22. Let r(v) be the third derivative of 4*v**5/15 - v**4/6 - v**3/2 + v**2. Is r(f) a composite number?
True
Let v be 20/16 - 1 - 386802/8. Is v/(-40)*2/5*2 a prime number?
True
Let h(w) = -19*w**3 - 3*w**2 + 35*w + 24. Is h(-17) prime?
True
Suppose m - 2086 = 6*t - t, 2*t - 6309 = -3*m. Suppose x = 4*i + 2*x - m, 5*i - 4*x - 2642 = 0. Suppose -5*r + 279 = -i. Is r a prime number?
False
Let b = 11 - 12. Let f = b + 1. Suppose 5*r - 309 - 296 = f. Is r prime?
False
Suppose -3*j = -4*w + 42, -3*j - 4*w - 15 = 3. Let z(b) = 13*b**2 + 14*b + 31. Is z(j) a prime number?
False
Let b(a) = 3*a**2 + a - 9. Let k(q) = 2*q - 5*q + 2*q + 19. Let v be k(12). Is b(v) a prime number?
False
Let a(t) = 21*t**3 + 3*t - 5. Let b(o) = 43*o**3 - o**2 + 6*o - 9. Let z(g) = -7*a(g) + 4*b(g). Is z(3) a prime number?
True
Let j(u) = 31*u**3 - 3*u**2 - 38*u - 7. Is j(7) composite?
True
Let a(h) = h**2 + 14*h + 26. Suppose 8*q - 12*q = 64. Is a(q) prime?
False
Suppose 3*v = -6*v + 36. Let g(q) be the first derivative of q**4 + 3*q**2/2 + q - 1. Is g(v) composite?
False
Is 2 + (6450 - -1) + 8 + -4 a prime number?
False
Let z(l) = -l**3 + 6*l**2 - l + 4. Suppose -3*b - 3*o = -33, 2*o - 16 = -0*b - b. Let v be z(b). Is -4*1/v + 33 a composite number?
True
Let s(o) = 30*o**2 + 11*o + 11. Let n(h) = h + 1. Let j(z) = -6*n(z) + s(z). Is j(-6) prime?
False
Suppose 5*i = -5*j + 8725, -3*j + 4*j - 3*i - 1729 = 0. Is j composite?
False
Suppose -2*s + s = -715. Suppose -3*y = -2*y - s. Suppose -4*q = q - y. Is q prime?
False
Suppose -64912 = 6*b - 287896. Suppose -3*u = -4*h + 1098 + 36062, -4*h + 2*u = -b. Is h a prime number?
True
Is (-167136)/(-52) + (-7 - (-356)/52) a composite number?
True
Let s = -13 + 10. Let q be -3*s/(-6)*-8. Suppose 294 = 5*t + 4*m, -3*m + q = t - 49. Is t prime?
False
Let c = 167 - 75. Suppose c = 5*x - 1903. Suppose 0 = n + x - 1148. Is n a composite number?
True
Let g(b) = 784*b**2 - 7*b - 24. Is g(-3) a prime number?
False
Let v(o) be the first derivative of o**3/3 - 6*o - 6. Let h(n) = -n**2 - 11*n + 1. Let y be h(-10). Is v(y) a prime number?
False
Let o(p) = -p**3 + 7*p**2 + p - 2. Let f be o(7). Suppose 0 = -2*z - 2*u + 4000, u = f*z - u - 10035. Is z prime?
False
Let d(z) = 1570*z + 20. Let f be d(-3). Suppose 5*p - w = -5*w - 20, 0 = 2*p - 2*w + 26. Is f/p + (-9)/(-12) a prime number?
True
Is (-3 - -1)/(8/(-26084)) a prime number?
True
Suppose 0 = b + 7 - 9. Suppose -b*u + 21 + 1 = 0. Is u composite?
False
Suppose 16*f - 222 = 1202. Suppose d - 36 = 3*v - 4*d, -2*v = -2*d + 20. Let y = f + v. Is y prime?
False
Let d(m) = -71*m + 1753. Is d(0) a prime number?
True
Let v(h) = -h - 22. Let t be v(-19). Is 1641 + t*2*8/12 a composite number?
False
Let x be 72/20 - (-4)/10. Suppose 19 = -x*s + 139. Suppose -z - 2*w + 29 = 0, 231 = 5*z - 4*w + s. Is z prime?
True
Let n = 16 + -13. Suppose 15 = -n*c + 4*j + 4, 5*c = 3*j - 11. Is (0 - -2) + (-33)/c a composite number?
True
Let m be (-96)/(-10) + 39/(-65). Let k = 10 - m. Is 14*(140/8 + k) a composite number?
True
Let b be -1 + 9/7 - 435461/91. Is -1*((-4)/(-10) - b/(-25)) composite?
False
Suppose 56 = 2*z - 64. Let y(g) = -2*g**3 + 4*g**2 + 4*g + 3. Let j be y(-2). Let t = z + j. Is t composite?
True
Let d be ((-81)/15)/((-6)/20). Suppose -3*z = -3*w - d, -2*w + 12 = 4*z - 0. Is (-1575)/(-12) + w/8 a prime number?
True
Is (14923/2)/(1/(-2 - -4)) a composite number?
False
Let k = -5099 - -7326. Suppose 3*t - 6*t + k = 4*h, 4*h - 2224 = -4*t. Is h a prime number?
False
Suppose 5*i - 2*i + 681 = 0. Let g = i + 418. Suppose -4*f = -5*f + g. Is f composite?
False
Suppose -k = 2*q + k - 292, 0 = -5*q - 4*k + 733. Is q a composite number?
False
Suppose -20214 = -962*w + 953*w. Is w prime?
False
Let i = 2758 + -1587. Is i prime?
True
Let h = 19 + -17. Suppose -2*o + 835 = 3*o - t, -347 = -h*o + 3*t. Is o a prime number?
False
Suppose 5*m - 16 = -2*t + 6*t, 4*m = -3*t + 19. Let d be 3*-1 - (-1200 - m). Suppose 2*u + n + 233 = 3*u, -5*u - 4*n + d = 0. Is u prime?
False
Suppose o - m - 2 = -4*o, -10 = 3*o + 5*m. Suppose o = 3*c - 2*c - 187. Is c prime?
False
Let v(i) = -i**3 - 8*i**2 - 20*i + 36. Is v(-13) a prime number?
False
Let k be -2 - (12/(-3))/(-4). Is k - (2 - 3 - 99) a composite number?
False
Suppose u - 13377 = -2*i, -13*u + 18*u + i - 66840 = 0. Is u prime?
True
Let y(d) = -79*d**2 + 2. Let f(x) = -39*x**2 + 1. Let z(m) = 5*f(m) - 3*y(m). Suppose 0 = 6*k - k - 15. Is z(k) a composite number?
True
Suppose -3*r + 4*n + 4972 = -7926, -8580 = -2*r - 2*n. Let k = r + -659. Is k a prime number?
False
Let q(l) = -l**3 + 6*l**2 + l + 11. Let s be q(6). Suppose -8*i = -s*i + 52857. Is i a prime number?
False
Let d(w) = 185*w**2 - 13*w + 1. Let u(r) = 278*r**2 - 19*r + 2. Let v(a) = -7*d(a) + 5*u(a). Is v(4) a composite number?
True
Let u(q) = 44*q**2 - 35*q + 18. Is u(11) prime?
True
Let q = 1149 + -525. Let c = 943 - q. Is c composite?
True
Let h(f) = 5*f**2 - 7*f - 6. Let p be h(7). Suppose 11 = 3*r - p. Is r a composite number?
False
Let b(f) = 837*f**2 - 6*f + 6. Is b(-9) a prime number?
False
Let g be (-13)/52 - (-91)/(-4). Let v = g + 42. Is v prime?
True
Let w(b) = -41*b + 20. Is w(-18) composite?
True
Is ((-352)/(-64))/((6/(-17396))/(-3)) a compo